).
-26
Let t(r) = r**3 - 7*r**2 + 3*r - 16. Calculate t(5).
-51
Let k(w) = 4*w + 35. What is k(-9)?
-1
Let w(g) = g**3 - 5*g**2 - 28*g - 2. Give w(9).
70
Let c(q) = q**3 + 5*q**2 - 18*q - 3. Give c(4).
69
Let h(i) = -i**3 - i**2 + 6*i + 10. Determine h(-4).
34
Let q(y) = -33*y - 170. Give q(-5).
-5
Let k(g) = -5*g - 44. Calculate k(-8).
-4
Let g(b) = 5*b - 40. What is g(7)?
-5
Let y(j) = -10*j + 39. What is y(6)?
-21
Let h(l) = -l**2 - 10*l + 148. Give h(-19).
-23
Let z(f) = f**3 + 4*f**2 - 2*f - 6. Calculate z(-3).
9
Let r(v) = v**2 - 12*v - 4. Give r(12).
-4
Let s(l) = -6*l - 1. Give s(-1).
5
Let f(z) = -z**3 + 8*z**2 - 15*z + 41. What is f(7)?
-15
Let u(j) = -11*j - 33. Determine u(-3).
0
Let l(f) = -11*f**2 - f - 5. Give l(-3).
-101
Let w(g) = -9*g + 14. What is w(11)?
-85
Let j(m) = -m**2 - 25*m - 6. Calculate j(-25).
-6
Let u(j) = -2*j - 16. Determine u(-7).
-2
Let r(b) = -12*b + 6. Determine r(3).
-30
Let q(m) = -6*m + 46. Determine q(7).
4
Let v(c) = 132*c + 255. Give v(-2).
-9
Let i(o) = 6*o + 67. Determine i(-11).
1
Let i(l) = 13*l - 37. Determine i(4).
15
Let m(b) = b - 1. Give m(5).
4
Let g(r) = 2*r - 73. What is g(34)?
-5
Let o(s) = 46*s - 324. Calculate o(7).
-2
Let a(i) = -i**2 - i. What is a(-3)?
-6
Let b(n) = 12*n - 53. Give b(4).
-5
Let w(r) = -2*r**2 - 17*r - 8. Give w(-14).
-162
Let k(a) = 4*a - 8. Give k(2).
0
Let j(b) = 10*b**3 + b**2 + 7*b - 6. Calculate j(1).
12
Let s(c) = -c**3 - 8*c**2 + 18*c - 3. Determine s(2).
-7
Let i(n) = n - 14. Give i(13).
-1
Let i(p) = p**3 - 4*p**2 + p + 9. Determine i(4).
13
Let l(u) = -u**3 + 25*u**2 + 396*u - 1. What is l(36)?
-1
Let p(u) = -13*u - 29. Determine p(-4).
23
Let v(r) = -2*r - 133. What is v(-23)?
-87
Let y(p) = -3*p + 121. Give y(40).
1
Let m(d) = -d**2 + 3*d. What is m(2)?
2
Let a(b) = -b**2 - 17*b - 2. What is a(-16)?
14
Let y(k) = k**3 + 19*k**2 + 21*k + 27. Give y(-18).
-27
Let n(p) = p**2 + 17*p + 65. What is n(-6)?
-1
Let m(d) = 3*d + 13. Calculate m(4).
25
Let t(i) = 2*i + 51. Calculate t(-26).
-1
Let n(d) = -d**2 + 18*d - 42. Determine n(15).
3
Let d(b) = 12*b - 27. Calculate d(5).
33
Let u(q) = q**3 - 7*q**2 + 11*q - 2. Give u(5).
3
Let y(k) = -k**3 - 15*k**2 - 19*k + 4. Determine y(-14).
74
Let v(q) = 28*q - 2. Determine v(2).
54
Let a(t) = 2*t + 42. Give a(-22).
-2
Let n(i) = -i**2 + 4*i - 5. Calculate n(4).
-5
Let q(o) = -18*o + 8. Determine q(2).
-28
Let d(k) = -2*k + 44. Calculate d(19).
6
Let u(h) = h**2 + 10*h - 10. Calculate u(-12).
14
Let r(f) = -2*f - 130. Give r(0).
-130
Let g(j) = 19*j + 108. What is g(-6)?
-6
Let z(d) = 74*d**3 - d**2 - d + 1. What is z(1)?
73
Let m(g) = g**3 - g**2 - 9*g - 6. What is m(-3)?
-15
Let t(s) = -s**2 + 14*s - 25. Calculate t(12).
-1
Let t(n) = -n**2 - 2*n + 3. Give t(4).
-21
Let n(m) = m**3 - 12*m**2 + 30*m + 12. Calculate n(8).
-4
Let v(k) = 2*k**3 + 10*k**2 + 4*k + 8. Determine v(-4).
24
Let m(r) = r**3 + 23*r**2 + 18*r - 16. Determine m(-22).
72
Let i(c) = -4*c - 8. Give i(-2).
0
Let n(z) = 16*z - 23. What is n(2)?
9
Let q(x) = 3*x**2 - 25*x + 11. Calculate q(9).
29
Let d(i) = -i**3 + 10*i**2 - 2*i + 30. Determine d(10).
10
Let z(u) = u**3 - 7*u**2 - 32*u - 5. Give z(10).
-25
Let r(h) = -7*h + 3. Give r(0).
3
Let a(z) = -2*z**3 - 11*z**2 + 3*z + 4. What is a(-6)?
22
Let z(o) = -2*o - 9. Give z(4).
-17
Let i(z) = z**3 + 4*z + 8. Give i(-2).
-8
Let s(z) = -z**2 + 10*z + 39. Determine s(17).
-80
Let t(k) = 3*k**3 + 3*k**2 + 6*k + 1. Give t(-3).
-71
Let o(s) = 2*s**2 + 15*s + 42. Determine o(-3).
15
Let a(j) = -j**3 + 7*j**2 + 20*j - 16. Calculate a(9).
2
Let o(p) = p**2 - p - 2. Calculate o(5).
18
Let p(l) = 3*l - 13. Determine p(10).
17
Let c(p) = p**3 - p**2 + p + 35. Give c(0).
35
Let n(x) = 16*x - 3. What is n(1)?
13
Let m(q) = -q**3 - 10*q**2 + 2*q + 8. Give m(-10).
-12
Let f(m) = m + 14. Determine f(-14).
0
Let h(y) = y**3 - 6*y**2 + y - 12. Determine h(6).
-6
Let l(d) = -5*d + 28. Calculate l(4).
8
Let d(g) = -28*g - 166. Calculate d(-6).
2
Let j(t) = 2*t**2 - t + 3. Determine j(-3).
24
Let d(u) = -2*u + 11. What is d(3)?
5
Let f(a) = -a**3 - 8*a**2 - 9*a - 1. Determine f(-6).
-19
Let o(r) = 10*r + 100. What is o(-10)?
0
Let w(q) = -6*q - 13. Determine w(-3).
5
Let d(u) = 23*u - 21. Calculate d(3).
48
Let f(a) = a**3 + 2*a**2 + 2*a - 24. Determine f(0).
-24
Let r(b) = 5*b + 18. Give r(-5).
-7
Let i(n) = n**3 - 13*n**2 + 1. What is i(13)?
1
Let c(m) = -m**3 + 37*m**2 + 35*m + 112. Determine c(38).
-2
Let m(h) = h**2 - 24*h + 38. Calculate m(24).
38
Let f(u) = -3*u**2 + 2*u + 10. Give f(-3).
-23
Let w(m) = -2*m**3 + 12*m**2 - 3*m + 2. Give w(5).
37
Let z(r) = -r - 6. Calculate z(-4).
-2
Let u(k) = k + 13. Give u(-6).
7
Let j(o) = -o**2 - 6*o + 10. Calculate j(-7).
3
Let h(j) = -2*j + 6. Give h(3).
0
Let k(s) = -s**3 + 5*s**2 + 4*s - 5. Calculate k(5).
15
Let o(r) = 13*r - 5. What is o(10)?
125
Let g(h) = -h + 20. Determine g(11).
9
Let o(i) = -i**2 + 5*i + 10. Determine o(8).
-14
Let r(x) = -3*x + 73. Give r(8).
49
Let i(c) = -c**2 + 6*c + 6. Determine i(7).
-1
Let p(b) = 7*b + 9. What is p(-1)?
2
Let l(m) = 5*m**2 + 6*m + 8. Give l(-2).
16
Let a(p) = 14*p - 5. What is a(2)?
23
Let d(a) = 21*a + 3. Calculate d(1).
24
Let k(o) = o**3 - 9*o**2 + 9*o - 6. What is k(7)?
-41
Let v(s) = 79*s - 1816. Calculate v(23).
1
Let j(r) = -r**3 - 9*r**2 - 2*r - 5. Calculate j(-9).
13
Let m(l) = -l**3 - 3*l**2 + 9*l + 3. Give m(-5).
8
Let i(f) = 2*f + 12. Give i(13).
38
Let y(o) = o**3 + 43*o**2 + 2*o + 93. Calculate y(-43).
7
Let d(z) = z - 5. Calculate d(0).
-5
Let p(o) = -o**2 - 11*o + 32. Give p(-11).
32
Let n(u) = u**3 - 25*u**2 + 17*u + 169. Give n(24).
1
Let w(l) = -l**3 + 13*l**2 + 48*l - 9. Calculate w(16).
-9
Let v(h) = -2*h**3 - 42*h**2 + 2*h + 34. Give v(-21).
-8
Let y(s) = -52*s - 442. Calculate y(-8).
-26
Let k(i) = -i**2 + 17*i + 4. What is k(8)?
76
Let x(y) = -y + 17. Calculate x(11).
6
Let u(d) = -2*d**3 + 48*d**2 + 48*d + 50. What is u(25)?
0
Let w(q) = -q**3 - 9*q**2 - 15*q. What is w(-6)?
-18
Let j(l) = 9*l - 2. Calculate j(4).
34
Let u(h) = -h**2 + 8*h + 21. What is u(-3)?
-12
Let f(j) = -j**3 - 8*j**2 - 7*j + 8. What is f(-7)?
8
Let c(a) = a**2 + 35*a + 127. Calculate c(-31).
3
Let a(o) = -5*o**3 - 32*o**2 - 9*o - 17. Calculate a(-6).
-35
Let h(l) = l**3 - 8*l**2 + 6*l + 15. Calculate h(7).
8
Let u(j) = j**3 + 8*j**2 + 6*j + 7. What is u(-3)?
34
Let j(y) = -22*y - 37. Calculate j(-2).
7
Let z(n) = -15*n. Give z(-1).
15
Let z(m) = 6*m. What is z(1)?
6
Let g(f) = f**3 - 12*f**2 + 29*f + 36. Give g(7).
-6
Let k(g) = 3*g - 4. What is k(8)?
20
Let o(v) = 8*v**3 - 3*v**2 + 2*v. Determine o(1).
7
Let a(b) = -2*b**3 + 19*b**2 - 7*b + 5. Give a(9).
23
Let n(q) = q**3 + 10*q**2 - 8*q + 21. What is n(-11)?
-12
Let g(b) = b - 7. Calculate g(5).
-2
Let n(s) = s**3 - 17*s**2 + 13*s + 39. What is n(16)?
-9
Let y(z) = z**2 + 2*z - 18. Calculate y(-5).
-3
Let q(t) = 2*t**2 - 22*t - 5. What is q(11)?
-5
Let p(u) = -3*u**2 - 7*u + 24. Determine p(-7).
-74
Let t(k) = k**3 + 11*k**2 - 30*k + 8. Determine t(-13).
60
Let m(s) = 2*s**3 - s**2 - 3*s + 3. Determine m(2).
9
Let i(y) = 7*y - 19. Give i(9).
44
Let n(h) = 2*h - 9. What is n(8)?
7
Let f(g) = 20*g**2 - 1. What is f(1)?
19
Let f(h) = -20*h - 125. What is f(-6)?
-5
Let a(j) = 2*j**2 + 13*j + 11. Give a(-8).
35
Let o(y) = -y**3 + 10*y**2 + 12*y - 15. Calculate o(11).
-4
Let f(h) = h**3 + 4*h**2 - 9*h + 8. Determine f(-5).
28
Let g(t) = -357*t + 358. What is g(1)?
1
Let m(d) = -30*d - 13. Determine m(-2).
47
Let a(w) = w + 3. Calculate a(-14).
-11
Let r(c) = -c + 30. Calculate r(28).
2
Let x(u) = u - 14. Give x(-6).
-20
Let j(u) = -3*u + 14. Give j(5).
-1
Let k(i) = -6*i**2 - 8*i. Calculate k(-4).
-64
Let p(v) = -2*v**2 + 37*v + 361. Determine p(-7).
4
Let o(h) = h**2 + 2*h + 1. Determine o(3).
16
Let p(m) = m**3 - 13*m**2 + 25*m - 25. Determine p(11).
8
Let o(n) = -18*n + 88. Give o(5).
-2
Let h(o) = -o**3 - 8*o**2 - 4*o. Determine h(-3).
-33
Let l(x) = -x**2 + 11*x - 9. Calculate l(10).
1
Let q(j) = -j**2 - 18*j - 13. What is q(-21)?
-76
Let l(s) = -2*s**3 + 10*s**2 - 8*s + 1. Calculate l(4).
1
Let o(j) = j**2 - 4*j - 16. Calculate o(7).
5
Let g(q) = 2*q - 82. What is g(41)?
0
Let n(o) = o**3 - 24*o**2 - 51*o - 18. Calculate n(26).
8
Let y(v) = v**3 + 8*v**2 - 9*v + 2. What is 